rivative of 53*j**5/60 + j**4/12 + 2*j**3/3 - 8*j**2. Let g be w(2). Calculate the highest common divisor of g and 20.
20
Suppose 0 = 11*m - 267 - 41. Calculate the greatest common factor of 826 and m.
14
Suppose -2 = -3*l - 14, 1093 = 5*z + 3*l. Calculate the highest common divisor of 52 and z.
13
Let r = 34 - -110. Let o(f) = -10*f + 924. Let m be o(90). What is the greatest common divisor of m and r?
24
Suppose -n - 2 = 0, 0*r = 4*r - n - 258. Calculate the highest common factor of r and 160.
32
Let x be (-4)/(-7) - (-3068)/413. What is the greatest common divisor of 712 and x?
8
Suppose 0 = -3*h - 3, 2*z - 746 = -3*z - 4*h. What is the greatest common divisor of z and 18?
6
Let a be (0 + -2)/((-8)/2816). Suppose a = 35*r - 31*r. Suppose 3*p + r = 4*p. Calculate the greatest common factor of 16 and p.
16
Suppose -v - 3*t = 11, -4*t = -t - 9. Let n = v - -40. Calculate the greatest common factor of n and 100.
20
Let t(u) be the third derivative of u**4/24 + 3*u**3/2 + 7*u**2. Let b be t(4). Calculate the greatest common divisor of b and 13.
13
Let p be 12/7 + (-10)/(-35). Suppose p*d - 37 = -5. Calculate the greatest common divisor of 176 and d.
16
Suppose 10 - 2 = 2*d. Let t be 1990/15 + d/(-6). Suppose -15 = -2*y + 9. What is the greatest common factor of t and y?
12
Let t be (2 + -326)/(4/16 + -1). Calculate the highest common divisor of t and 27.
27
Suppose -3*o = -1 - 2, 4*a - 159 = o. Calculate the highest common divisor of 60 and a.
20
Let m(o) = -3*o + 91. Let l(p) = 4*p + 24. Let q be l(-6). Let z be m(q). What is the greatest common divisor of z and 13?
13
Let y be ((-7)/35)/((3 - -2)/(-25)). Let h be 60/14 - 2/7. Suppose h*d = d + 33. What is the highest common divisor of d and y?
1
Let z(b) = b - 4. Let l be z(9). Suppose 0 = -l*t - q + 471, -7*t + 293 = -4*t - 2*q. What is the greatest common divisor of t and 38?
19
Let o(c) = c**2 + 10*c + 1. Suppose 4*a + 0*a = 5*j - 68, -3*a + 4*j = 51. Let t be o(a). What is the highest common divisor of t and 12?
12
Let a = 1911 - 1897. What is the greatest common divisor of a and 16?
2
Suppose u + 5*q - 168 = 0, q + 766 = 4*u + 157. Suppose -5*w + 15 = 0, -3*d + 75 = 3*w + 15. What is the highest common factor of u and d?
17
Let c(k) = -14*k - 14. Let f be c(-8). What is the highest common divisor of 245 and f?
49
Let o be ((-360)/(-32))/((-6)/(-112)). Suppose o = 6*f + f. Calculate the greatest common factor of 120 and f.
30
Suppose 2002 = 17*q - 4*q. Calculate the highest common divisor of 22 and q.
22
Suppose -13*k + 16*k = 3*s - 87, -3*k + 38 = 2*s. Let a be 75 - 0*1/2. Calculate the greatest common factor of a and s.
25
Let r(j) = 5*j - 5. Let u be r(4). Let v be 3/(-5) + 459/u. What is the highest common factor of 330 and v?
30
Let p(q) = 5*q**3 - 6*q**2 + q + 2. Let c be p(2). What is the greatest common factor of 370 and c?
10
Let i(r) = 0 + 2 + 2*r + 3. Let h be i(5). Let t = 690 - 680. Calculate the greatest common factor of h and t.
5
Let v be ((-54)/9)/(3/2). Let o be ((-3)/(-4))/((-2)/(-8)). Let c be (-9)/(-1) + o + v. What is the greatest common divisor of 4 and c?
4
Suppose 141 - 21 = 4*n. Calculate the highest common factor of n and 114.
6
Let n be (4 + 1*-12)*(0 - -1). Let i(o) = -30*o - 32. Let z be i(n). Calculate the highest common divisor of z and 26.
26
Let x be -40*4*(-7)/56. Calculate the highest common divisor of x and 170.
10
Suppose -185 - 619 = -67*l. Calculate the greatest common divisor of l and 3.
3
Let x = -787 + 864. What is the greatest common divisor of x and 77?
77
Let w = 553 + -545. Calculate the highest common divisor of w and 96.
8
Let t(y) be the first derivative of y**4/4 - 2*y**3/3 + 5*y**2/2 - 9*y + 9. Let i be t(5). Calculate the highest common divisor of 13 and i.
13
Suppose 65 = 6*s - 43. What is the highest common factor of s and 18?
18
Let z(p) = -51*p - 1201. Let h be z(-30). What is the greatest common divisor of 94 and h?
47
Let v = 239 + -137. Suppose 2*u = y + 5*u - v, -5*y + 440 = u. What is the highest common divisor of y and 29?
29
Let u(k) = -8*k - 111. Let c be u(-16). Calculate the greatest common factor of 493 and c.
17
Let p(x) = 414*x**3 + x**2 - 6*x + 6. Let k be p(1). Calculate the highest common divisor of 581 and k.
83
Let f be ((-33)/66)/(-1*2/24). What is the highest common divisor of f and 159?
3
Suppose 0 = -94*f + 81*f + 5330. What is the greatest common factor of 328 and f?
82
Let p be (-1)/(0/2 - -2)*-122. Let j be p/4 + (-6)/(-8). What is the highest common divisor of 24 and j?
8
Let y be ((-34)/3)/((-2)/54). Let u(r) = -29*r - 169. Let f be u(-7). What is the highest common divisor of f and y?
34
Let r be 5/10*(4 + 8 + 60). Suppose 324 = -0*t + 3*t. What is the highest common divisor of t and r?
36
Let u = -159 + 221. Calculate the highest common factor of u and 558.
62
Let w(h) = -h**3 - 3*h**2 - 4*h - 2. Let k be w(-1). Suppose 5*t = -v - k + 2, 0 = 3*t. Calculate the greatest common factor of v and 3.
1
Suppose 0 = 3*m - 60 + 1104. Let y be m/(-30) + 2/5. Calculate the highest common divisor of 132 and y.
12
Let z be (-1*-1*1)/((-22)/(-792)). Calculate the highest common factor of z and 36.
36
Suppose 62*y - 59*y = -5*z + 105, 5*z + y = 115. What is the greatest common divisor of 216 and z?
24
Suppose 49 - 58 = -3*p. Let x be 35 - (-3 - (-2 + p)*-4). Calculate the highest common divisor of x and 68.
34
Suppose 15*l - 6272 = 1378. Calculate the greatest common factor of 30 and l.
30
Let p = -160 - -208. What is the highest common divisor of p and 432?
48
Suppose p + 42 = 3*p + 2*n, -3*p + 5*n = -79. Calculate the greatest common divisor of 23 and p.
23
Suppose -4 = -2*f + 3*f, c - 3*f - 48 = 0. Suppose -2*y = 2*y + c. Let u be (-9)/(y/4) - -10. Calculate the highest common factor of u and 70.
14
Suppose 2*w - 405 = -3*i + 785, -2*w = -4*i + 1582. What is the greatest common divisor of 495 and i?
99
Suppose -25 = -5*m, 2*m + 321 = 3*j - 623. Calculate the highest common divisor of 12 and j.
6
Let l(r) = -r**2 - 16*r - 17. Let z be l(-13). Let f = z + -16. Suppose 3*w + 9 = f*w. What is the highest common divisor of w and 6?
3
Let p be (344/129)/(((-2)/(-6))/1). Calculate the highest common factor of 8 and p.
8
Suppose 5*c = 10*c - 1730. Let o = c - 192. What is the greatest common factor of o and 14?
14
Suppose 4 = r + 3*r. Let j(h) = 17*h**2 + 3*h - 1. Let b be j(r). Calculate the greatest common divisor of b and 57.
19
Suppose -80*j = -83*j + 3. Let t(x) = 33*x**2 - x + 1. Let y be t(j). Suppose d = 19 - 8. Calculate the highest common divisor of d and y.
11
Let i(d) = -d**2 - 62*d - 54. Let q be i(-61). What is the greatest common factor of q and 7?
7
Let p be 27/36 - (-34)/8. Suppose -2*n = 5*i - 37 - 10, n - p*i - 16 = 0. Let y be (39/6 - 3)*4. What is the greatest common factor of y and n?
7
Let m(f) = -f**3 + 6*f**2 + 3*f + 10. Let l be m(6). Suppose -2*q + 383 = 107. Let d = q - l. What is the highest common factor of 10 and d?
10
Let d(v) = -5*v + 30. Let k be d(6). Suppose k = -a - 5*n + 38, -a - 3*n = -3*a + 76. What is the greatest common divisor of 57 and a?
19
Let o be (-134)/(-8) + 2/8. Suppose 16*n - o*n = -6. What is the greatest common factor of n and 3?
3
Let x(b) = -b**2 - 9*b - 9. Let z be 4/(4 - 28/6). Let m be x(z). Calculate the greatest common divisor of 45 and m.
9
Let k be (2*(-2)/(-12))/1*-9. Let n be 3/(k/(-4)) - (-3 - 18). What is the highest common divisor of 25 and n?
25
Suppose -320 + 8 = -12*t. Calculate the highest common divisor of 1352 and t.
26
Let y(m) = -m**3 + 7*m**2 + 5*m + 14. Let r be y(8). Let s be 144 + 1 + r/(-5). What is the greatest common divisor of 21 and s?
21
Suppose 0 = -53*y - 70*y + 615. Let h be (1 + (-112)/2)*-1. What is the highest common factor of y and h?
5
Let l(d) = 9*d - 25. Let r(n) = 4*n - 12. Let y(z) = -2*l(z) + 5*r(z). Let w be y(20). What is the greatest common factor of w and 50?
10
Let r(c) be the second derivative of -7*c**3/3 + c**2/2 - 3*c. Let o be r(-1). Let p = -1 - -166. What is the greatest common factor of o and p?
15
Suppose 113*v - 15 = 108*v. Let g be 120/(-50) - 2/(-5). Let r be 0 - 4/(g + -2). What is the highest common factor of v and r?
1
Let s(l) be the second derivative of l**5/20 - l**3/6 - 5*l**2 + 13*l. Let w be s(5).